{"id":44385,"date":"2025-08-01T00:01:21","date_gmt":"2025-08-01T06:01:21","guid":{"rendered":"https:\/\/enrolit.center\/cdp2026\/?post_type=product&#038;p=44385"},"modified":"2026-02-26T05:33:17","modified_gmt":"2026-02-26T11:33:17","slug":"escalera-al-infierno-2026","status":"publish","type":"product","link":"https:\/\/enrolit.center\/cdp2026\/escalera-al-infierno-2026\/","title":{"rendered":"ESCALERA AL INFIERNO 2026"},"content":{"rendered":"<h2>ESCALERA AL INFIERNO CONVOCATORIA 2026<\/h2>\n<h3>INFORMACI\u00d3N GENERAL<\/h3>\n<p>Fecha: 07 marzo 2026<\/p>\n<p>Lugar: Bernal, Qro<\/p>\n<p><span style=\"vertical-align: inherit;\"><span style=\"vertical-align: inherit;\">Distancias: 150 km\/ 89 kms<\/span><\/span><\/p>\n<p>Salida: Quiosco de Bernal, Municipio de Ezequiel Montes, Qro.<\/p>\n<p>Hora de salida: 7:00 am<\/p>\n<p>Llegada: Grutas de los Herrera<\/p>\n<p>&nbsp;<\/p>\n<h3><span style=\"vertical-align: inherit;\"><span style=\"vertical-align: inherit;\">CATEGOR\u00cdAS<\/span><\/span><\/h3>\n<p><u>FONDO (150k) Y MEDIO FONDO (89k)<\/u><\/p>\n<p><u>\u00a0<\/u><\/p>\n<table width=\"583\">\n<tbody>\n<tr>\n<td width=\"318\">Libre varonil y femenil<\/td>\n<td width=\"265\">18 a 30 a\u00f1os<\/td>\n<\/tr>\n<tr>\n<td width=\"318\">Master A varonil y femenil<\/td>\n<td width=\"265\">31 a 40 a\u00f1os<\/td>\n<\/tr>\n<tr>\n<td width=\"318\">Master B varonil y femenil<\/td>\n<td width=\"265\">41 a 50 a\u00f1os<\/td>\n<\/tr>\n<tr>\n<td width=\"318\">Master C varonil y femenil<\/td>\n<td width=\"265\">51 a 60 a\u00f1os<\/td>\n<\/tr>\n<tr>\n<td width=\"318\">Master Diamante varonil y femenil<\/td>\n<td width=\"265\">61 y m\u00e1s<\/td>\n<\/tr>\n<\/tbody>\n<\/table>\n<p>&nbsp;<\/p>\n<h3><span style=\"vertical-align: inherit;\"><span style=\"vertical-align: inherit;\">REQUISITOS<\/span><\/span><\/h3>\n<ul>\n<li>Ser mayor de edad<\/li>\n<li>Bicicleta DE RUTA \u00f3 MTB en buen estado. (700c).<\/li>\n<li>Es obligatorio el uso de casco r\u00edgido y guantes.<\/li>\n<li>Queda prohibido uso de ruedas de disco (lenticulares).<\/li>\n<li>Ambas ruedas deben ser del mismo di\u00e1metro.<\/li>\n<li><strong>QUEDA ESTRICTAMENTE PROHIBIDO UTILIZAR AEROBARRA<\/strong><\/li>\n<li>Se podr\u00e1 utilizar bicicletas asistidas, solo no ser\u00e1n consideradas para la premiaci\u00f3n<\/li>\n<\/ul>\n<p>&nbsp;<\/p>\n<h3>INSCRIPCIONES Y COSTOS<\/h3>\n<p><u>INSCRIPCIONES<\/u><\/p>\n<p>Ser\u00e1n \u00fanicamente por internet en: <a href=\"http:\/\/www.escaleraalinfierno.com\">www.escaleraalinfierno.com<\/a> y <a href=\"https:\/\/enrolit.mx\/\">https:\/\/enrolit.mx\/<\/a><\/p>\n<p><strong><u>\u00a0<\/u><\/strong><\/p>\n<p><u>COSTOS FONDO Y MEDIO FONDO<\/u><\/p>\n<p>&nbsp;<\/p>\n<ul>\n<li>$2,100.00 (Dos mil cien pesos 00\/100. \u00a0M.N.)<\/li>\n<\/ul>\n<p>Early bird \u2013 Limitado a 40 competidores o hasta el 15 de septiembre<\/p>\n<ul>\n<li>$2,600.00 (Dos mil seiscientos pesos 00\/100. M.N.) Del 16 de septiembre al 31 de enero 2026<\/li>\n<li>$3,000.00 (tres mil pesos 00\/100. M.N.) Del 01 de febrero al 06 de marzo \u00a0de 2026<\/li>\n<\/ul>\n<p>&nbsp;<\/p>\n<p><u><span style=\"vertical-align: inherit;\"><span style=\"vertical-align: inherit;\">NOTAS<\/span><\/span><\/u><\/p>\n<ul>\n<li>Considera la comisi\u00f3n por uso de plataforma<\/li>\n<li>No habr\u00e1 inscripciones ni entrega de paquetes el d\u00eda de la competencia.<\/li>\n<li>Las inscripciones NO son reembolsables.<\/li>\n<li>Recibir\u00e1s confirmaci\u00f3n de inscripci\u00f3n en tu correo electr\u00f3nico.<\/li>\n<\/ul>\n<p>&nbsp;<\/p>\n<h3>ENTREGA DE PAQUETES<\/h3>\n<p>La entrega del kit del competidor se llevar\u00e1 a acabo el viernes 06 de marzo de 2026 en el auditorio del Palacio Municipal de Bernal, Quer\u00e9taro en un horario de 4:00 a 8:00 pm<\/p>\n<p>Para la entrega ser\u00e1 necesario una identificaci\u00f3n oficial y confirmaci\u00f3n de inscripci\u00f3n (digital o f\u00edsica)<\/p>\n<p>Ubicaci\u00f3n: <a href=\"https:\/\/maps.app.goo.gl\/gmkQKMhqDB9fUy4N6\">https:\/\/maps.app.goo.gl\/gmkQKMhqDB9fUy4N6<\/a><\/p>\n<p>&nbsp;<\/p>\n<h3>DERECHOS DEL PARTICIPANTE<\/h3>\n<ul>\n<li>Jersey oficial.<\/li>\n<li>Medalla conmemorativa.<\/li>\n<li><span style=\"vertical-align: inherit;\"><span style=\"vertical-align: inherit;\">Morral<\/span><\/span><\/li>\n<li>Chip electr\u00f3nico de cronometraje (bibtag)<\/li>\n<li>Estaciones de abastecimiento \/ hidrataci\u00f3n sobre la ruta<\/li>\n<li>Ambulancias \/ Param\u00e9dicos<\/li>\n<li>Patrullas de escolta<\/li>\n<li>Comida \/ Bebida al finalizar la competencia<\/li>\n<li>Seguro de gastos m\u00e9dicos por accidente<\/li>\n<li>Resultados y certificado oficial descargable en las plataformas oficiales.<\/li>\n<li>Log\u00edstica y operaci\u00f3n<\/li>\n<\/ul>\n<p>&nbsp;<\/p>\n<h3>CRONOMETRAJE Y PREMIACI\u00d3N<\/h3>\n<p><u>SISTEMA DE CRONOMETRAJE<\/u><\/p>\n<ul>\n<li>Se utilizar\u00e1 tecnolog\u00eda electr\u00f3nica para el cronometraje y la medici\u00f3n de los tiempos totales mediante un chip electr\u00f3nico localizado en el n\u00famero de corredor (BibTag).<\/li>\n<\/ul>\n<p><u>SISTEMA DE COMPETENCIA<\/u><\/p>\n<p><u>\u00a0<\/u><\/p>\n<ul>\n<li>El sistema de competencia para los 89km y 150 km es por medio de <u>SEGMENTOS COMPETITIVOS <\/u>y estos son los \u00fanicos que cuentan para el resultado, clasificaci\u00f3n<\/li>\n<\/ul>\n<p>general final y clasificaci\u00f3n final por categor\u00eda y rama. Dichos segmentos se encuentran definidos en la gu\u00eda del atleta.<\/p>\n<ul>\n<li>Para obtener el resultado final, ser\u00e1 la suma del tiempo cronometrado en ambos segmentos; Sin embargo, se deber\u00e1 completar toda la ruta para ser considerado.<\/li>\n<li>Queda descalificado todo aquel que no cumpla la ruta completa y haga \u00fanicamente los segmentos.<\/li>\n<\/ul>\n<p>&nbsp;<\/p>\n<p><u>PREMIACI\u00d3N<\/u><\/p>\n<p><u>\u00a0<\/u><\/p>\n<ul>\n<li>La ceremonia de reconocimiento ser\u00e1 para los 3 primeros lugares de cada categor\u00eda de los 150kms anteriormente mencionadas, as\u00ed como los absolutos tanto en Varonil como femenil<\/li>\n<li>La Premiaci\u00f3n y ceremonia ser\u00e1 \u00fanicamente para las categor\u00edas del gran fondo (150kms)<\/li>\n<li>NO se har\u00e1 ceremonia para medio fondo (83kms), pero si se les dar\u00e1 el reconocimiento de los primeros 3 lugares por rama y categor\u00eda.<\/li>\n<li>Se llevar\u00e1 a cabo en el \u00e1rea de meta una vez que se tengan los resultados oficiales.<\/li>\n<\/ul>\n<p>&nbsp;<\/p>\n<h3>JUECES Y RESULTADOS<\/h3>\n<p><u>JUECES<\/u><\/p>\n<p><u>\u00a0<\/u><\/p>\n<ul>\n<li>Los jueces ser\u00e1n designados por el comit\u00e9 organizador y sus decisiones ser\u00e1n inapelables.<\/li>\n<\/ul>\n<p>&nbsp;<\/p>\n<p><u>RESULTADOS EXTRAOFICIALES<\/u><\/p>\n<p><u>\u00a0<\/u><\/p>\n<ul>\n<li>Al t\u00e9rmino de la competencia, podr\u00e1s consultar los resultados extraoficiales en la carpa del comit\u00e9 organizador una vez que los primeros 10 participantes de cada categor\u00eda hayan finalizado la prueba.<\/li>\n<\/ul>\n<p>&nbsp;<\/p>\n<p><u>RESULTADOS OFICIALES<\/u><\/p>\n<p><u>\u00a0<\/u><\/p>\n<ul>\n<li>Los resultados oficiales de la competencia se publicar\u00e1n el domingo 09 de marzo a partir de las 19:00 hrs en: www.escaleraalinfierno.com y <a href=\"https:\/\/cronoh.mx\/\">https:\/\/cronoh.mx\/<\/a> donde podr\u00e1s consultarlos e imprimir tu certificado de participaci\u00f3n<\/li>\n<\/ul>\n<p><strong><u>\u00a0<\/u><\/strong><\/p>\n<p>INFORMACI\u00d3N GENERAL<\/p>\n<ul>\n<li>Los gastos de traslado, alimentaci\u00f3n y hospedaje correr\u00e1n a cargo de los participantes, excepto la comida de t\u00e9rmino de la competencia que viene incluida en la inscripci\u00f3n por participante<\/li>\n<li>Te recomendamos realizarte un examen m\u00e9dico antes de la competencia, dado que el estado de salud de los competidores es s\u00f3lo responsabilidad de cada uno de ellos y NO del comit\u00e9 organizador.<\/li>\n<li>El comit\u00e9 organizador no se hace responsable de los accidentes que se pudieran presentar en el evento, por considerarse un riesgo deportivo, sin embargo, habr\u00e1 servicio m\u00e9dico de primeros auxilios.<\/li>\n<li>El acceso de veh\u00edculos durante la competencia en el convoy de apoyo estar\u00e1 restringido por cuestiones de seguridad. \u00danica y exclusivamente se permitir\u00e1 el acceso a aquellos autom\u00f3viles registrados con anterioridad. El registro de estos tendr\u00e1 un costo de $500.00 M.N. (quinientos pesos 00\/100 M.N.), por unidad, mismos que se deber\u00e1n pagar y registrar mandando un correo a contacto.escalerainfierno@gmail.com. Se le pedir\u00e1 el n\u00famero de inscripci\u00f3n por lo que es importante contar con la inscripci\u00f3n del ciclista antes de enviar el correo.<\/li>\n<li>La comida tendr\u00e1 un costo por persona <u>para los acompa\u00f1antes<\/u> de los ciclistas de $350.00 M.N. (trescientos cincuenta pesos 00\/100 M.N), mismos que se deber\u00e1n pagar mandando un correo a contacto.escalerainfierno@gmail.com. Se le pedir\u00e1 el n\u00famero de inscripci\u00f3n por lo que es importante contar con la inscripci\u00f3n del ciclista antes de enviar el correo<\/li>\n<li><strong>Cupo m\u00e1ximo de participantes 400, en la suma de Gran Fondo y \u00bd Fondo. Fecha l\u00edmite de inscripci\u00f3n hasta agotar inscripciones o el viernes 06 de marzo del 2026, lo que suceda primero. No habr\u00e1 inscripciones el d\u00eda del evento<\/strong><\/li>\n<\/ul>\n","protected":false},"excerpt":{"rendered":"<div class=\"av-special-heading av-e6ppx-3ed8c6d0a3107d949ef883e6c344312e av-special-heading-h1 blockquote modern-quote avia-builder-el-16 el_before_av_textblock avia-builder-el-first\">\n<h4 class=\"av-special-heading-tag\" style=\"text-align: center;\"><strong>FECHA: S\u00c1BADO 7 DE MARZO DEL 2026.\u00a0<\/strong><\/h4>\n<\/div>\n<section class=\"av_textblock_section av-l3dn4ob6-ccd50f7d6368c9590aded5f28508604b\">\n<div class=\"avia_textblock\">\n<h4 style=\"text-align: center;\"><strong>LUGAR: <\/strong>Quiosco de Bernal, Municipio de Ezequiel Montes, Qro.<\/h4>\n<h4 style=\"text-align: center;\"><strong>DISTANCIA: <\/strong>89km y 150 km<\/h4>\n<h4 style=\"text-align: center;\"><strong>HORARIO DE SALIDA: 7<\/strong>:00 am<\/h4>\n<p style=\"text-align: center;\"><a style=\"display: inline-block; padding: 10px 20px; background: #007BFF; color: #fff; text-decoration: none; border-radius: 8px;\" href=\"https:\/\/enrolit.center\/cdp2026\/wp-content\/uploads\/2025\/07\/Exoneracion-Escalera2025.pdf\">Consulta la exoneraci\u00f3n del evento<br \/>\n<\/a><\/p>\n<p style=\"text-align: center;\"><span style=\"vertical-align: inherit;\"><span style=\"vertical-align: inherit;\">___________________________<\/span><\/span><\/p>\n<\/div>\n<p style=\"text-align: center;\">Selecciona tu distancia:<\/p>\n<\/section>\n","protected":false},"author":72,"featured_media":44393,"template":"","meta":{"iawp_total_views":1697},"product_brand":[],"product_cat":[15],"product_tag":[],"class_list":{"0":"post-44385","1":"product","2":"type-product","3":"status-publish","4":"has-post-thumbnail","6":"product_cat-enrolit","8":"first","9":"outofstock","10":"shipping-taxable","11":"purchasable","12":"product-type-variable"},"_links":{"self":[{"href":"https:\/\/enrolit.center\/cdp2026\/wp-json\/wp\/v2\/product\/44385","targetHints":{"allow":["GET"]}}],"collection":[{"href":"https:\/\/enrolit.center\/cdp2026\/wp-json\/wp\/v2\/product"}],"about":[{"href":"https:\/\/enrolit.center\/cdp2026\/wp-json\/wp\/v2\/types\/product"}],"author":[{"embeddable":true,"href":"https:\/\/enrolit.center\/cdp2026\/wp-json\/wp\/v2\/users\/72"}],"wp:featuredmedia":[{"embeddable":true,"href":"https:\/\/enrolit.center\/cdp2026\/wp-json\/wp\/v2\/media\/44393"}],"wp:attachment":[{"href":"https:\/\/enrolit.center\/cdp2026\/wp-json\/wp\/v2\/media?parent=44385"}],"wp:term":[{"taxonomy":"product_brand","embeddable":true,"href":"https:\/\/enrolit.center\/cdp2026\/wp-json\/wp\/v2\/product_brand?post=44385"},{"taxonomy":"product_cat","embeddable":true,"href":"https:\/\/enrolit.center\/cdp2026\/wp-json\/wp\/v2\/product_cat?post=44385"},{"taxonomy":"product_tag","embeddable":true,"href":"https:\/\/enrolit.center\/cdp2026\/wp-json\/wp\/v2\/product_tag?post=44385"}],"curies":[{"name":"wp","href":"https:\/\/api.w.org\/{rel}","templated":true}]}}